f = 34 + w. List the prime factors of f.
37
Suppose -5*s - 31 = -0*s + l, 5*s - 3*l = -47. Let z(k) be the first derivative of -3*k**2 - 16*k - 5. What are the prime factors of z(s)?
2, 13
List the prime factors of (-56)/(-28) + (-2340)/(-3).
2, 17, 23
List the prime factors of -3*(-11 - -9)*(-209)/(-2).
3, 11, 19
Let s(c) = c**3 + 11*c**2 - 9*c + 10. Let n be s(-11). Suppose a = 2*p + 4*a - 37, n = 4*p - a. Let j = p + 0. What are the prime factors of j?
2, 13
Suppose -2385 = 3*g - 18*g. What are the prime factors of g?
3, 53
Let g = -102 - -143. Suppose -k - 3*x + 194 = g, -3*x = -5*k + 855. List the prime factors of k.
2, 3, 7
Let g(p) be the third derivative of p**5/15 - p**4/6 + p**3/6 - p**2 - 32*p. Let t be -5 + 3 - 1/1. What are the prime factors of g(t)?
7
What are the prime factors of (9/((-63)/4270))/(-2)?
5, 61
Suppose -6*v + v + 40 = 0. Suppose -t - v*t = -540. List the prime factors of t.
2, 3, 5
Suppose 3*n - 2*v = 5, 0*v + 5*v = -5*n + 25. Let q be 2/6*n - 19. Let k = 23 + q. List the prime factors of k.
5
Suppose -2 = -2*u + 5*i + 4, -5*i = 0. Let r be 0 - (1*-5 - -1). Suppose u*n + r = 4*n. What are the prime factors of n?
2
Suppose -3*c = 2*o - 11, -4*o + 22 = 3*c - 9. Suppose o = -5*x - 5*j, j - 6*j = -x - 14. List the prime factors of x/14 + (-174)/(-21).
2
Let l(a) be the third derivative of 13*a**6/120 - a**5/60 - a**3/2 - a**2. List the prime factors of l(2).
97
Suppose 0 = 5*m + 10, -10 = -5*a - 2*m + 6. Suppose -y - 22 = -5*u, u = -0*u - a*y - 4. List the prime factors of u.
2
Suppose 3*l - 19 = -7. Suppose 0 = -i - 5, -6 = -l*w - 0*i - 2*i. Suppose -w*s - 50 = -9*s. List the prime factors of s.
2, 5
Suppose -y + 3*u - 17 = -51, -3*y = 3*u - 66. Let p = y + -21. What are the prime factors of p?
2
Suppose -3*m - 2*h = -1140, -6*m - 5*h = -11*m + 1875. What are the prime factors of m?
2, 3, 7
What are the prime factors of 137/(33/136 + (-2)/17)?
2, 137
Let x = 3474 - 2017. List the prime factors of x.
31, 47
Suppose 0 = -4*n - 5*k + 3209, 4*n + 6*k = 2*k + 3204. What are the prime factors of n?
2, 199
Let i(t) = -t**2 - 13*t + 2. Suppose 6*r - 10 = 4*r. Suppose 4*p + 15 = -5*d, -5*p = -r*d - 43 - 17. List the prime factors of i(d).
2, 11
Suppose 116*c - 117*c + 82 = b, 5*c + 4*b = 409. What are the prime factors of c?
3
Let k be (-6)/(-2*(5 - 4)). Suppose 3*p - 24 = k*v, -p - v + 5 = 3. Suppose 0 = -p*g + 222 - 47. List the prime factors of g.
5, 7
Suppose 4*l = -2*v - 2*v + 124, 5*l + 4*v - 151 = 0. Let y = -8 + l. What are the prime factors of y?
19
Suppose 2*o - 191 = 379. Suppose 2*q - 116 = 2*i, -i + 5*i + o = 5*q. List the prime factors of q.
53
Let v be (0 + -2)*(3 + -26). Let g = 135 - v. Suppose 0 = 3*k - 2*a - g, 0 = -k + 3*k - 4*a - 46. What are the prime factors of k?
3, 11
Suppose -18*i = -5*i - 5447. List the prime factors of i.
419
Suppose 2624 = 2*q + j - 819, q - 1714 = -3*j. What are the prime factors of q?
1723
Suppose -r - 2*n = -0*r + 29, -2*n = 4. Suppose 0*q = -7*q - 287. Let s = r - q. What are the prime factors of s?
2
Let g(o) = 37*o**2 - 4*o - 7. Let k be g(-2). Let z = 219 - k. List the prime factors of z.
2, 5, 7
Let f = -107 + 339. What are the prime factors of f?
2, 29
Let k(a) = 6*a + 3*a + 2 + 3*a**2 - a**2 + 2. Let f(g) = -g**2 + 1. Let q(h) = -f(h) - k(h). List the prime factors of q(-4).
3, 5
Suppose 3*o - 1519 - 95 = 0. Suppose 5*r + 0*s - o = 3*s, 4*r + 3*s = 452. List the prime factors of r.
2, 5, 11
Let b(i) = -6*i**3 - i**2 + 11*i + 6. What are the prime factors of b(-5)?
2, 13
Suppose 10 = 5*x, 15*x - 17794 = -4*t + 16*x. What are the prime factors of t?
3, 1483
Let i = 42 - 23. Suppose 26 = -5*w - i. Let r = 27 + w. What are the prime factors of r?
2, 3
Let p(k) = 3*k + 7 - 4 - 7*k - k**2 + 17*k. Suppose -6*a = -11*a + 55. What are the prime factors of p(a)?
5
Let t = -12 + -13. List the prime factors of 50/t - (-79)/(0 - -1).
7, 11
Let x be (1 + (-5)/(-4))/(2/(-24)). Let c = 71 - 12. Let p = x + c. List the prime factors of p.
2
Let z(q) = 3*q**3 + 4*q**2 + 1. Let r(t) = -4*t**3 - 3*t**2 + t. Let l(m) = 2*r(m) + 3*z(m). What are the prime factors of l(-4)?
3
What are the prime factors of ((-4)/20)/((-21)/174615)?
1663
Suppose -26*q = -24*q - 20. What are the prime factors of q?
2, 5
Let d = -42 - -100. Suppose 57 = -5*c - d. Let u = 30 + c. What are the prime factors of u?
7
Let p = 83 + -81. What are the prime factors of (759/22)/(p/12)?
3, 23
Suppose -12*f + 1704 = -1860. What are the prime factors of f?
3, 11
Let x(k) = 3*k + 31*k**3 + 12*k**2 - k - 1 - 13*k**2. Let i = 7 + -6. What are the prime factors of x(i)?
31
Let w be 13 + -11 - (-68)/2. Suppose 5*p = 8*p + 3*l + w, 4*p = 4*l - 40. What are the prime factors of 1/(-3)*(p + 2)?
3
Suppose -3*i = 7 + 5. Let u = -4 + i. Let v(n) = n**3 + 9*n**2 + 8*n + 8. What are the prime factors of v(u)?
2
Suppose -7*y + 2*y = g + 545, 2*y = -2*g - 210. Let j = y + 205. List the prime factors of j.
5, 19
Let b(g) = 14*g**3 + 2*g**2 - 2*g + 1. Let d(v) = -2*v - 12. Let n be d(-7). Suppose -4*t = -2*p - n, -5 = -4*p + p - 2*t. List the prime factors of b(p).
3, 5
Let c = -14 + 14. Suppose 4*p + 2*i = 0, c = -7*p + 4*p - 2*i - 2. Suppose -2*j = 2*f - 64, 4*f - p*j = -j + 118. List the prime factors of f.
2, 3, 5
Let n be (82/(-123))/((1/(-3))/(-1)). List the prime factors of (19/(-3))/(n/36).
2, 3, 19
Let z(m) be the second derivative of -5*m**3/6 - m**2/2 - 4*m. Let k be z(-7). Suppose -14 = -3*l + k. What are the prime factors of l?
2
Suppose -32*m + 17*m + 2025 = 0. What are the prime factors of m?
3, 5
Let d(f) = 282*f + 8. Let r(t) = 113*t + 3. Let u(j) = -5*d(j) + 12*r(j). What are the prime factors of u(-3)?
2, 79
Let x(w) = 16*w + 54. List the prime factors of x(13).
2, 131
Suppose -3*b - b - 20 = 0. Let o(x) = -x + 13. List the prime factors of o(b).
2, 3
Let h = -251 - -775. Let x = h - 364. What are the prime factors of x?
2, 5
Let y be (-288)/(-5) - (-8)/20. Suppose 2*a = -2*a - 104. Let v = y + a. List the prime factors of v.
2
Let z = -50 + 46. List the prime factors of 46*z/24*-3.
23
Let w(c) = 18*c**2 - 3*c + 7. Let b(a) = -6*a**2 + a - 2. Let q(k) = -7*b(k) - 2*w(k). What are the prime factors of q(-2)?
2, 13
Let d(k) = 28*k + 10. What are the prime factors of d(5)?
2, 3, 5
Suppose 6*c + 888 = 5*a + 2*c, -a + 195 = 5*c. Suppose 3*g + w - 324 = g, -a = -g - 5*w. Suppose 0 = -3*t + g - 1. What are the prime factors of t?
53
Suppose -q = q - 140. Let w = 88 - q. What are the prime factors of w?
2, 3
Let p(k) be the first derivative of 11/3*k**3 - 16*k + 5 + 8*k**2 - 1/4*k**4. List the prime factors of p(12).
2
Suppose -2 = -2*c + 6. Let s = 1 - c. List the prime factors of (-9)/s - -22 - 3.
2, 11
Suppose 5*t = v + 25, 0 = 5*v - v + 5*t + 25. Let y be ((-5)/v)/((-1)/(-14)). Let z = 34 + y. List the prime factors of z.
41
Suppose 3*y = 241 - 52. Suppose -6*m = -3*m - y. Suppose 6*o - m = 3. List the prime factors of o.
2
Suppose 6*k + 2*i - 2164 = 4*k, -2*i = -3*k + 3221. What are the prime factors of k?
3, 359
Let w(n) = n + 2. Let a be w(-3). Let v be ((3 + -3)*a)/(-1). Suppose 2*m + m + 5*x - 21 = 0, -m - x + 5 = v. What are the prime factors of m?
2
Suppose 0 = -2*a + 1332 + 378. What are the prime factors of a?
3, 5, 19
Let h(c) = 10*c - 38. List the prime factors of h(11).
2, 3
What are the prime factors of (-38090)/(-85) - 2/17?
2, 7
Let f(y) be the third derivative of -y**4/24 + 4*y**3/3 - 7*y**2. Let a be f(7). What are the prime factors of (-2)/(-4)*70*a?
5, 7
Suppose 28*x - 24*x = 596. What are the prime factors of x?
149
Let s = -90 - -162. Suppose 0 = 5*q - 252 + s. What are the prime factors of q?
2, 3
Let p = 575 + 209. List the prime factors of p.
2, 7
Let j(n) = 6*n**2 - 22*n + 86. What are the prime factors of j(10)?
2, 233
Let c(g) = 8*g**2 + 3*g + 2. Let l be c(-2). Suppose 0 = -3*r, r = -4*n + 4*r + l. What are the prime factors of n?
7
Let q = -25 + 141. Suppose 0 = -0*g - 2*g - 2*t + q, 5*g + 2*t = 296. List the prime factors of g.
2, 3, 5
Let d(f) be the second derivative of -3/4*f**4 + 0 - 1/2*f**3 + 5/2*f**2 - 1/20*f**5 - 4*f. What are the prime factors of d(-9)?
2
Suppose i - 6 = -2*r - 0, -r = -i + 3. Let m = i - 2. Suppose -z + 2*c - 6*c + 15 = 0, 4*c + 6 = m*z. List the prime factors of z.
7